{"id":6707,"date":"2022-03-09T14:03:37","date_gmt":"2022-03-09T14:03:37","guid":{"rendered":"https:\/\/mindmuseum.at\/?page_id=6707"},"modified":"2022-03-29T10:54:24","modified_gmt":"2022-03-29T10:54:24","slug":"mitmachen","status":"publish","type":"page","link":"https:\/\/mindmuseum.at\/index.php\/mitmachen\/","title":{"rendered":"Mitmachen"},"content":{"rendered":"\t\t<div data-elementor-type=\"wp-page\" data-elementor-id=\"6707\" class=\"elementor elementor-6707\">\n\t\t\t\t\t\t<section class=\"elementor-section elementor-top-section elementor-element elementor-element-afd9a67 elementor-section-boxed elementor-section-height-default elementor-section-height-default\" data-id=\"afd9a67\" data-element_type=\"section\">\n\t\t\t\t\t\t<div class=\"elementor-container elementor-column-gap-default\">\n\t\t\t\t\t<div class=\"elementor-column elementor-col-100 elementor-top-column elementor-element elementor-element-7a060ae\" data-id=\"7a060ae\" data-element_type=\"column\">\n\t\t\t<div class=\"elementor-widget-wrap elementor-element-populated\">\n\t\t\t\t\t\t<section class=\"elementor-section elementor-inner-section elementor-element elementor-element-c4c08e2 elementor-section-boxed elementor-section-height-default elementor-section-height-default\" data-id=\"c4c08e2\" data-element_type=\"section\">\n\t\t\t\t\t\t<div class=\"elementor-container elementor-column-gap-default\">\n\t\t\t\t\t<div class=\"elementor-column elementor-col-100 elementor-inner-column elementor-element elementor-element-e62e68b\" data-id=\"e62e68b\" data-element_type=\"column\">\n\t\t\t<div class=\"elementor-widget-wrap elementor-element-populated\">\n\t\t\t\t\t\t<div class=\"elementor-element elementor-element-46dc044 elementor-widget elementor-widget-text-editor\" data-id=\"46dc044\" data-element_type=\"widget\" data-widget_type=\"text-editor.default\">\n\t\t\t\t<div class=\"elementor-widget-container\">\n\t\t\t\t\t\t\t<h2>Neuer Sammlungsaufruf: Themen, die uns heute bewegen!<\/h2>\n<p><br><\/p>\t\t\t\t\t\t<\/div>\n\t\t\t\t<\/div>\n\t\t\t\t<div class=\"elementor-element elementor-element-38d62b1 elementor-widget elementor-widget-text-editor\" data-id=\"38d62b1\" data-element_type=\"widget\" data-widget_type=\"text-editor.default\">\n\t\t\t\t<div class=\"elementor-widget-container\">\n\t\t\t\t\t\t\t<h2><span style=\"font-family: Lora, sans-serif; font-weight: 400; font-size: 18px;\">Die neuen Themenschwerpunkte sind da \u2013 wir sammeln die \u201eSicht der Dinge\u201c auf die Themen, die K\u00e4rntner Sch\u00fcler:innen heute bewegen und wom\u00f6glich in Zukunft direkt betreffen werden. Wie schon beim mindmuseum-Pilotprojekt zur Corona-Pandemie, ist der aktuelle Sammlungsaufruf wieder thematisch vorgegeben (ganz nach dem Motto: &#8222;Ein Museum braucht eine Sammlungsstrategie!&#8220;), gleichzeitig aber bewusst breit gefasst. Erfragt und gesammelt werden soll \u201eMeine Sicht auf \u2026\u201c folgende Themen:<\/span><\/h2>\t\t\t\t\t\t<\/div>\n\t\t\t\t<\/div>\n\t\t\t\t<div class=\"elementor-element elementor-element-83b21a5 elementor-widget elementor-widget-text-editor\" data-id=\"83b21a5\" data-element_type=\"widget\" data-widget_type=\"text-editor.default\">\n\t\t\t\t<div class=\"elementor-widget-container\">\n\t\t\t\t\t\t\t<p><a href=\"https:\/\/mindmuseum.at\/index.php\/mitmachen\/meine-sicht-der-dinge-auf-die-umwelt\/\">Der Mensch und die Natur<\/a><\/p><p><a href=\"https:\/\/mindmuseum.at\/index.php\/mitmachen\/meine-sicht-der-dinge-auf-die-digitalisierung-2\/\">Ver\u00e4nderungen durch die Digitalisierung<\/a><\/p><p><a href=\"https:\/\/mindmuseum.at\/index.php\/mitmachen\/meine-sicht-der-dinge-auf-die-zukunft\/\">Was es wert ist, gesammelt zu werden<\/a><\/p>\t\t\t\t\t\t<\/div>\n\t\t\t\t<\/div>\n\t\t\t\t<div class=\"elementor-element elementor-element-a5177c9 elementor-widget elementor-widget-text-editor\" data-id=\"a5177c9\" data-element_type=\"widget\" data-widget_type=\"text-editor.default\">\n\t\t\t\t<div class=\"elementor-widget-container\">\n\t\t\t\t\t\t\t<p>Einen konkreten Aufriss zu jedem Thema finden Sie durch Klick auf die Aufz\u00e4hlung bzw. in den Untermen\u00fcs zu diesem Sammlungsaufruf.<\/p><p>Nutzen auch Sie die M\u00f6glichkeiten des mindmuseums f\u00fcr Ihre Schule \/ Schulklasse und sammeln Sie gemeinsam mit dem K\u00e4rntner Landesmuseum, was uns allen und insbesondere den K\u00e4rntner Sch\u00fcler:innen durch den Kopf geht!<\/p><p>F\u00fcr Fragen zur Organisation und allen M\u00f6glichkeiten mitzumachen, stehen wir Ihnen gerne zur Verf\u00fcgung:<\/p>\t\t\t\t\t\t<\/div>\n\t\t\t\t<\/div>\n\t\t\t\t<div class=\"elementor-element elementor-element-a3a015e elementor-widget elementor-widget-spacer\" data-id=\"a3a015e\" data-element_type=\"widget\" data-widget_type=\"spacer.default\">\n\t\t\t\t<div class=\"elementor-widget-container\">\n\t\t\t\t\t<div class=\"elementor-spacer\">\n\t\t\t<div class=\"elementor-spacer-inner\"><\/div>\n\t\t<\/div>\n\t\t\t\t<\/div>\n\t\t\t\t<\/div>\n\t\t\t\t\t<\/div>\n\t\t<\/div>\n\t\t\t\t\t<\/div>\n\t\t<\/section>\n\t\t\t\t<div class=\"elementor-element elementor-element-bfc40ef elementor-widget elementor-widget-spacer\" data-id=\"bfc40ef\" data-element_type=\"widget\" data-widget_type=\"spacer.default\">\n\t\t\t\t<div class=\"elementor-widget-container\">\n\t\t\t\t\t<div class=\"elementor-spacer\">\n\t\t\t<div class=\"elementor-spacer-inner\"><\/div>\n\t\t<\/div>\n\t\t\t\t<\/div>\n\t\t\t\t<\/div>\n\t\t\t\t\t<\/div>\n\t\t<\/div>\n\t\t\t\t\t<\/div>\n\t\t<\/section>\n\t\t\t\t<section class=\"elementor-section elementor-top-section elementor-element elementor-element-5b09ff95 elementor-section-boxed elementor-section-height-default elementor-section-height-default\" data-id=\"5b09ff95\" data-element_type=\"section\">\n\t\t\t\t\t\t<div class=\"elementor-container elementor-column-gap-default\">\n\t\t\t\t\t<div class=\"elementor-column elementor-col-100 elementor-top-column elementor-element elementor-element-1835cad8\" data-id=\"1835cad8\" data-element_type=\"column\">\n\t\t\t<div class=\"elementor-widget-wrap elementor-element-populated\">\n\t\t\t\t\t\t<div class=\"elementor-element elementor-element-d9706de elementor-align-center elementor-widget elementor-widget-button\" data-id=\"d9706de\" data-element_type=\"widget\" data-widget_type=\"button.default\">\n\t\t\t\t<div class=\"elementor-widget-container\">\n\t\t\t\t\t<div class=\"elementor-button-wrapper\">\n\t\t\t<a class=\"elementor-button elementor-button-link elementor-size-xl elementor-animation-grow\" href=\"https:\/\/mindmuseum.at\/index.php\/kontakt\/\">\n\t\t\t\t\t\t<span class=\"elementor-button-content-wrapper\">\n\t\t\t\t\t\t\t\t\t<span class=\"elementor-button-text\">Kontakt<\/span>\n\t\t\t\t\t<\/span>\n\t\t\t\t\t<\/a>\n\t\t<\/div>\n\t\t\t\t<\/div>\n\t\t\t\t<\/div>\n\t\t\t\t<div class=\"elementor-element elementor-element-3dc3770 elementor-widget elementor-widget-text-editor\" data-id=\"3dc3770\" data-element_type=\"widget\" data-widget_type=\"text-editor.default\">\n\t\t\t\t<div class=\"elementor-widget-container\">\n\t\t\t\t\t\t\t<p>\u00a0Fotocredit (Banner): Freepik\/Starline\/rawpixel.com<\/p>\t\t\t\t\t\t<\/div>\n\t\t\t\t<\/div>\n\t\t\t\t\t<\/div>\n\t\t<\/div>\n\t\t\t\t\t<\/div>\n\t\t<\/section>\n\t\t\t\t<\/div>\n\t\t","protected":false},"excerpt":{"rendered":"<p>Neuer Sammlungsaufruf: Themen, die uns heute bewegen! Die neuen Themenschwerpunkte sind da \u2013 wir sammeln die \u201eSicht der Dinge\u201c auf die Themen, die K\u00e4rntner Sch\u00fcler:innen heute bewegen und wom\u00f6glich in Zukunft direkt betreffen werden. Wie schon beim mindmuseum-Pilotprojekt zur Corona-Pandemie, ist der aktuelle Sammlungsaufruf wieder thematisch vorgegeben (ganz nach dem Motto: &#8222;Ein Museum braucht eine Sammlungsstrategie!&#8220;), gleichzeitig aber bewusst breit gefasst. Erfragt und gesammelt werden soll \u201eMeine Sicht auf \u2026\u201c folgende Themen: Der Mensch und die Natur Ver\u00e4nderungen durch die Digitalisierung Was es wert ist, gesammelt zu werden Einen konkreten Aufriss zu jedem Thema finden Sie durch Klick auf die Aufz\u00e4hlung bzw. in den Untermen\u00fcs zu diesem Sammlungsaufruf. Nutzen auch Sie die M\u00f6glichkeiten des mindmuseums f\u00fcr Ihre Schule \/ Schulklasse und sammeln Sie gemeinsam mit dem K\u00e4rntner Landesmuseum, was uns allen und insbesondere den K\u00e4rntner [&hellip;]<\/p>\n","protected":false},"author":2,"featured_media":6909,"parent":0,"menu_order":3,"comment_status":"closed","ping_status":"closed","template":"","meta":{"footnotes":""},"class_list":["post-6707","page","type-page","status-publish","has-post-thumbnail","hentry"],"_links":{"self":[{"href":"https:\/\/mindmuseum.at\/index.php\/wp-json\/wp\/v2\/pages\/6707"}],"collection":[{"href":"https:\/\/mindmuseum.at\/index.php\/wp-json\/wp\/v2\/pages"}],"about":[{"href":"https:\/\/mindmuseum.at\/index.php\/wp-json\/wp\/v2\/types\/page"}],"author":[{"embeddable":true,"href":"https:\/\/mindmuseum.at\/index.php\/wp-json\/wp\/v2\/users\/2"}],"replies":[{"embeddable":true,"href":"https:\/\/mindmuseum.at\/index.php\/wp-json\/wp\/v2\/comments?post=6707"}],"version-history":[{"count":52,"href":"https:\/\/mindmuseum.at\/index.php\/wp-json\/wp\/v2\/pages\/6707\/revisions"}],"predecessor-version":[{"id":6910,"href":"https:\/\/mindmuseum.at\/index.php\/wp-json\/wp\/v2\/pages\/6707\/revisions\/6910"}],"wp:featuredmedia":[{"embeddable":true,"href":"https:\/\/mindmuseum.at\/index.php\/wp-json\/wp\/v2\/media\/6909"}],"wp:attachment":[{"href":"https:\/\/mindmuseum.at\/index.php\/wp-json\/wp\/v2\/media?parent=6707"}],"curies":[{"name":"wp","href":"https:\/\/api.w.org\/{rel}","templated":true}]}}

<div data-elementor-type="wp-page" data-elementor-id="6707" class="elementor elementor-6707">
						<section class="elementor-section elementor-top-section elementor-element elementor-element-afd9a67 elementor-section-boxed elementor-section-height-default elementor-section-height-default" data-id="afd9a67" data-element_type="section">
						<div class="elementor-container elementor-column-gap-default">
					<div class="elementor-column elementor-col-100 elementor-top-column elementor-element elementor-element-7a060ae" data-id="7a060ae" data-element_type="column">
			<div class="elementor-widget-wrap elementor-element-populated">
						<section class="elementor-section elementor-inner-section elementor-element elementor-element-c4c08e2 elementor-section-boxed elementor-section-height-default elementor-section-height-default" data-id="c4c08e2" data-element_type="section">
						<div class="elementor-container elementor-column-gap-default">
					<div class="elementor-column elementor-col-100 elementor-inner-column elementor-element elementor-element-e62e68b" data-id="e62e68b" data-element_type="column">
			<div class="elementor-widget-wrap elementor-element-populated">
						<div class="elementor-element elementor-element-46dc044 elementor-widget elementor-widget-text-editor" data-id="46dc044" data-element_type="widget" data-widget_type="text-editor.default">
				<div class="elementor-widget-container">
							<h2>Neuer Sammlungsaufruf: Themen, die uns heute bewegen!</h2>
<p><br></p>						</div>
				</div>
				<div class="elementor-element elementor-element-38d62b1 elementor-widget elementor-widget-text-editor" data-id="38d62b1" data-element_type="widget" data-widget_type="text-editor.default">
				<div class="elementor-widget-container">
							<h2><span style="font-family: Lora, sans-serif; font-weight: 400; font-size: 18px;">Die neuen Themenschwerpunkte sind da – wir sammeln die „Sicht der Dinge“ auf die Themen, die Kärntner Schüler:innen heute bewegen und womöglich in Zukunft direkt betreffen werden. Wie schon beim mindmuseum-Pilotprojekt zur Corona-Pandemie, ist der aktuelle Sammlungsaufruf wieder thematisch vorgegeben (ganz nach dem Motto: &#8222;Ein Museum braucht eine Sammlungsstrategie!&#8220;), gleichzeitig aber bewusst breit gefasst. Erfragt und gesammelt werden soll „Meine Sicht auf …“ folgende Themen:</span></h2>						</div>
				</div>
				<div class="elementor-element elementor-element-83b21a5 elementor-widget elementor-widget-text-editor" data-id="83b21a5" data-element_type="widget" data-widget_type="text-editor.default">
				<div class="elementor-widget-container">
							<p><a href="https://mindmuseum.at/index.php/mitmachen/meine-sicht-der-dinge-auf-die-umwelt/">Der Mensch und die Natur</a></p><p><a href="https://mindmuseum.at/index.php/mitmachen/meine-sicht-der-dinge-auf-die-digitalisierung-2/">Veränderungen durch die Digitalisierung</a></p><p><a href="https://mindmuseum.at/index.php/mitmachen/meine-sicht-der-dinge-auf-die-zukunft/">Was es wert ist, gesammelt zu werden</a></p>						</div>
				</div>
				<div class="elementor-element elementor-element-a5177c9 elementor-widget elementor-widget-text-editor" data-id="a5177c9" data-element_type="widget" data-widget_type="text-editor.default">
				<div class="elementor-widget-container">
							<p>Einen konkreten Aufriss zu jedem Thema finden Sie durch Klick auf die Aufzählung bzw. in den Untermenüs zu diesem Sammlungsaufruf.</p><p>Nutzen auch Sie die Möglichkeiten des mindmuseums für Ihre Schule / Schulklasse und sammeln Sie gemeinsam mit dem Kärntner Landesmuseum, was uns allen und insbesondere den Kärntner Schüler:innen durch den Kopf geht!</p><p>Für Fragen zur Organisation und allen Möglichkeiten mitzumachen, stehen wir Ihnen gerne zur Verfügung:</p>						</div>
				</div>
				<div class="elementor-element elementor-element-a3a015e elementor-widget elementor-widget-spacer" data-id="a3a015e" data-element_type="widget" data-widget_type="spacer.default">
				<div class="elementor-widget-container">
					<div class="elementor-spacer">
			<div class="elementor-spacer-inner"></div>
		</div>
				</div>
				</div>
					</div>
		</div>
					</div>
		</section>
				<div class="elementor-element elementor-element-bfc40ef elementor-widget elementor-widget-spacer" data-id="bfc40ef" data-element_type="widget" data-widget_type="spacer.default">
				<div class="elementor-widget-container">
					<div class="elementor-spacer">
			<div class="elementor-spacer-inner"></div>
		</div>
				</div>
				</div>
					</div>
		</div>
					</div>
		</section>
				<section class="elementor-section elementor-top-section elementor-element elementor-element-5b09ff95 elementor-section-boxed elementor-section-height-default elementor-section-height-default" data-id="5b09ff95" data-element_type="section">
						<div class="elementor-container elementor-column-gap-default">
					<div class="elementor-column elementor-col-100 elementor-top-column elementor-element elementor-element-1835cad8" data-id="1835cad8" data-element_type="column">
			<div class="elementor-widget-wrap elementor-element-populated">
						<div class="elementor-element elementor-element-d9706de elementor-align-center elementor-widget elementor-widget-button" data-id="d9706de" data-element_type="widget" data-widget_type="button.default">
				<div class="elementor-widget-container">
					<div class="elementor-button-wrapper">
			<a class="elementor-button elementor-button-link elementor-size-xl elementor-animation-grow" href="https://mindmuseum.at/index.php/kontakt/">
						<span class="elementor-button-content-wrapper">
									<span class="elementor-button-text">Kontakt</span>
					</span>
					</a>
		</div>
				</div>
				</div>
				<div class="elementor-element elementor-element-3dc3770 elementor-widget elementor-widget-text-editor" data-id="3dc3770" data-element_type="widget" data-widget_type="text-editor.default">
				<div class="elementor-widget-container">
							<p> Fotocredit (Banner): Freepik/Starline/rawpixel.com</p>						</div>
				</div>
					</div>
		</div>
					</div>
		</section>
				</div>

<p>Neuer Sammlungsaufruf: Themen, die uns heute bewegen! Die neuen Themenschwerpunkte sind da – wir sammeln die „Sicht der Dinge“ auf die Themen, die Kärntner Schüler:innen heute bewegen und womöglich in Zukunft direkt betreffen werden. Wie schon beim mindmuseum-Pilotprojekt zur Corona-Pandemie, ist der aktuelle Sammlungsaufruf wieder thematisch vorgegeben (ganz nach dem Motto: &#8222;Ein Museum braucht eine Sammlungsstrategie!&#8220;), gleichzeitig aber bewusst breit gefasst. Erfragt und gesammelt werden soll „Meine Sicht auf …“ folgende Themen: Der Mensch und die Natur Veränderungen durch die Digitalisierung Was es wert ist, gesammelt zu werden Einen konkreten Aufriss zu jedem Thema finden Sie durch Klick auf die Aufzählung bzw. in den Untermenüs zu diesem Sammlungsaufruf. Nutzen auch Sie die Möglichkeiten des mindmuseums für Ihre Schule / Schulklasse und sammeln Sie gemeinsam mit dem Kärntner Landesmuseum, was uns allen und insbesondere den Kärntner [&hellip;]</p>
