{"id":1932,"date":"2020-11-02T12:32:55","date_gmt":"2020-11-02T12:32:55","guid":{"rendered":"https:\/\/mindmuseum.at\/?page_id=1932"},"modified":"2024-02-08T10:15:28","modified_gmt":"2024-02-08T10:15:28","slug":"impressum","status":"publish","type":"page","link":"https:\/\/mindmuseum.at\/index.php\/impressum\/","title":{"rendered":"Impressum"},"content":{"rendered":"\t\t<div data-elementor-type=\"wp-page\" data-elementor-id=\"1932\" class=\"elementor elementor-1932\">\n\t\t\t\t\t\t<section class=\"elementor-section elementor-top-section elementor-element elementor-element-359e3a67 elementor-section-boxed elementor-section-height-default elementor-section-height-default\" data-id=\"359e3a67\" data-element_type=\"section\">\n\t\t\t\t\t\t<div class=\"elementor-container elementor-column-gap-default\">\n\t\t\t\t\t<div class=\"elementor-column elementor-col-100 elementor-top-column elementor-element elementor-element-76597214\" data-id=\"76597214\" data-element_type=\"column\">\n\t\t\t<div class=\"elementor-widget-wrap elementor-element-populated\">\n\t\t\t\t\t\t<div class=\"elementor-element elementor-element-6dbba36b elementor-widget elementor-widget-text-editor\" data-id=\"6dbba36b\" data-element_type=\"widget\" data-widget_type=\"text-editor.default\">\n\t\t\t\t<div class=\"elementor-widget-container\">\n\t\t\t\t\t\t\t<p><strong>Medieninhaber und Betreiber:<\/strong><\/p><p>Landesmuseum f\u00fcr K\u00e4rnten<br \/>Sammlungs- und Wissenschaftszentrum<br \/>Liberogasse 6<br \/>9020 Klagenfurt am W\u00f6rthersee<br \/>T: +43 (0)50 536-30599<br \/>E: <a href=\"mailto:willkommen@kaernten.museum\">willkommen@kaernten.museum<\/a><\/p><p>UID: ATU 62280766<br \/>BANKVERBINDUNG: AUSTRIAN ANADI BANK AG,<br \/>BLZ: 52000, KTO-NR: 1325582, BIC: HAABAT2K,<br \/>IBAN: AT60 5200 0000 0132 5582<\/p><p><em>Webdesign &amp; Webdevelopment<\/em><br \/>by BIGBANG GMBH<\/p><p><a href=\"https:\/\/www.bigbang.at\/\" target=\"_blank\" rel=\"noopener\"><img decoding=\"async\" class=\"alignnone wp-image-6621\" src=\"https:\/\/mindmuseum.at\/wp-content\/uploads\/2021\/08\/bb-logoclaim-2021-300x76.png\" alt=\"\" width=\"150\" height=\"38\" srcset=\"https:\/\/mindmuseum.at\/wp-content\/uploads\/2021\/08\/bb-logoclaim-2021-300x76.png 300w, https:\/\/mindmuseum.at\/wp-content\/uploads\/2021\/08\/bb-logoclaim-2021-1024x260.png 1024w, https:\/\/mindmuseum.at\/wp-content\/uploads\/2021\/08\/bb-logoclaim-2021-768x195.png 768w, https:\/\/mindmuseum.at\/wp-content\/uploads\/2021\/08\/bb-logoclaim-2021-1536x390.png 1536w, https:\/\/mindmuseum.at\/wp-content\/uploads\/2021\/08\/bb-logoclaim-2021-2048x520.png 2048w, https:\/\/mindmuseum.at\/wp-content\/uploads\/2021\/08\/bb-logoclaim-2021-1140x289.png 1140w, https:\/\/mindmuseum.at\/wp-content\/uploads\/2021\/08\/bb-logoclaim-2021-1920x487.png 1920w\" sizes=\"(max-width: 150px) 100vw, 150px\" \/><\/a><\/p><p>Bahnhofstra\u00dfe 53<br \/>9020 Klagenfurt am W\u00f6rthersee<br \/>W <a href=\"https:\/\/www.bigbang.at\/\" target=\"_blank\" rel=\"noopener noreferrer\">bigbang.at<\/a><br \/>M <a href=\"mailto:digital@bigbang.at\">digital@bigbang.at<\/a><\/p><p><strong>Offenlegung &#8211; grundlegende Richtung:<\/strong><br \/>Die Website www.landesmuseum.ktn.gv.at ist die offizielle Internet-Pr\u00e4senz des Landesmuseums K\u00e4rnten. Sie bietet Wissenswertes \u00fcber die Arbeit des K\u00e4rntner Landesmuseums. Die hier angebotenen Inhalte dienen der allgemeinen Information. F\u00fcr die Richtigkeit, Aktualit\u00e4t, Vollst\u00e4ndigkeit und Verf\u00fcgbarkeit der gebotenen Informationen \u00fcbernehmen wir keine Gew\u00e4hrleistung\/Haftung, insbesondere nicht f\u00fcr deren Aktualit\u00e4t, Eignung f\u00fcr einen bestimmten Zweck und Virenfreiheit. Wir behalten uns das Recht vor, jederzeit und ohne Vorank\u00fcndigung hier angebotene Informationen\/Services zu \u00e4ndern, erg\u00e4nzen, l\u00f6schen oder den Internetauftritt g\u00e4nzlich oder vor\u00fcbergehend einzustellen. Weiters erkl\u00e4rt sich das Landesmuseum K\u00e4rnten als nicht verantwortlich f\u00fcr den Inhalt von Internetseiten, auf die mit einem Link verwiesen wird. Wir \u00fcbernehmen keine Haftung, dass unser Dienst nicht unterbrochen oder anderweitig durch St\u00f6rungen beeintr\u00e4chtigt wird.<\/p><p><strong>Nutzungsbedingungen:<\/strong><br \/>Jede Nutzung bzw. Weiterverwendung von Inhalten (dies gilt insbesondere f\u00fcr Texte, Bilder, Grafiken) au\u00dferhalb der Internetseiten des Landesmuseums K\u00e4rnten und die Portierung auf andere Medien bedarf ausnahmslos der schriftlichen Genehmigung des Medieninhabers. S\u00e4mtliche Inhalte sind urheberrechtlich gesch\u00fctzt. Alle Rechte daran bleiben der Rechteinhaberin bzw. dem Rechteinhaber vorbehalten. \u00c4nderungen d\u00fcrfen nicht vorgenommen werden. Eine \u00f6ffentliche Verwendung der Informationen\/Services darf nur mit unserer Zustimmung und unter Nennung sowie Ersichtlichmachung der Quelle erfolgen. Das blo\u00dfe Verlinken auf unsere Inhalte unter gleichzeitigem Quellhinweis steht jedermann frei und bedarf keiner besonderen Genehmigung. Auf die Nutzung der Informationen\/Services findet ausschlie\u00dflich \u00f6sterreichisches Recht Anwendung.<\/p><p>Wir weisen darauf hin, dass s\u00e4mtliche in der m\u00e4nnlichen Form gew\u00e4hlten personenbezogenen Bezeichnungen f\u00fcr beide Geschlechter gelten.<\/p>\t\t\t\t\t\t<\/div>\n\t\t\t\t<\/div>\n\t\t\t\t\t<\/div>\n\t\t<\/div>\n\t\t\t\t\t<\/div>\n\t\t<\/section>\n\t\t\t\t<\/div>\n\t\t","protected":false},"excerpt":{"rendered":"<p>Medieninhaber und Betreiber: Landesmuseum f\u00fcr K\u00e4rntenSammlungs- und WissenschaftszentrumLiberogasse 69020 Klagenfurt am W\u00f6rtherseeT: +43 (0)50 536-30599E: willkommen@kaernten.museum UID: ATU 62280766BANKVERBINDUNG: AUSTRIAN ANADI BANK AG,BLZ: 52000, KTO-NR: 1325582, BIC: HAABAT2K,IBAN: AT60 5200 0000 0132 5582 Webdesign &amp; Webdevelopmentby BIGBANG GMBH Bahnhofstra\u00dfe 539020 Klagenfurt am W\u00f6rtherseeW bigbang.atM digital@bigbang.at Offenlegung &#8211; grundlegende Richtung:Die Website www.landesmuseum.ktn.gv.at ist die offizielle Internet-Pr\u00e4senz des Landesmuseums K\u00e4rnten. Sie bietet Wissenswertes \u00fcber die Arbeit des K\u00e4rntner Landesmuseums. Die hier angebotenen Inhalte dienen der allgemeinen Information. F\u00fcr die Richtigkeit, Aktualit\u00e4t, Vollst\u00e4ndigkeit und Verf\u00fcgbarkeit der gebotenen Informationen \u00fcbernehmen wir keine Gew\u00e4hrleistung\/Haftung, insbesondere nicht f\u00fcr deren Aktualit\u00e4t, Eignung f\u00fcr einen bestimmten Zweck und Virenfreiheit. Wir behalten uns das Recht vor, jederzeit und ohne Vorank\u00fcndigung hier angebotene Informationen\/Services zu \u00e4ndern, erg\u00e4nzen, l\u00f6schen oder den Internetauftritt g\u00e4nzlich oder vor\u00fcbergehend einzustellen. Weiters erkl\u00e4rt sich das Landesmuseum K\u00e4rnten als nicht verantwortlich f\u00fcr [&hellip;]<\/p>\n","protected":false},"author":1,"featured_media":0,"parent":0,"menu_order":6,"comment_status":"closed","ping_status":"closed","template":"","meta":{"footnotes":""},"class_list":["post-1932","page","type-page","status-publish","hentry"],"_links":{"self":[{"href":"https:\/\/mindmuseum.at\/index.php\/wp-json\/wp\/v2\/pages\/1932"}],"collection":[{"href":"https:\/\/mindmuseum.at\/index.php\/wp-json\/wp\/v2\/pages"}],"about":[{"href":"https:\/\/mindmuseum.at\/index.php\/wp-json\/wp\/v2\/types\/page"}],"author":[{"embeddable":true,"href":"https:\/\/mindmuseum.at\/index.php\/wp-json\/wp\/v2\/users\/1"}],"replies":[{"embeddable":true,"href":"https:\/\/mindmuseum.at\/index.php\/wp-json\/wp\/v2\/comments?post=1932"}],"version-history":[{"count":27,"href":"https:\/\/mindmuseum.at\/index.php\/wp-json\/wp\/v2\/pages\/1932\/revisions"}],"predecessor-version":[{"id":7167,"href":"https:\/\/mindmuseum.at\/index.php\/wp-json\/wp\/v2\/pages\/1932\/revisions\/7167"}],"wp:attachment":[{"href":"https:\/\/mindmuseum.at\/index.php\/wp-json\/wp\/v2\/media?parent=1932"}],"curies":[{"name":"wp","href":"https:\/\/api.w.org\/{rel}","templated":true}]}}